-24*d + 2. Let a be c(-2). Suppose -w = 5*q + 16, -3*w - 2*w + q + a = 0. List the prime factors of w.
3
Let w = 6 + -6. Suppose w = -j - j + 6. List the prime factors of (2/j)/((-14)/(-63)).
3
Let m(p) = -p**3 - 3*p**2 + 5*p + 2. Let k(a) = a. Let s be k(-5). List the prime factors of m(s).
3
Let b(h) = -h**3 - 5*h**2 + 6*h + 1. Let u be (-9)/(-2)*12/(-9). Let y be b(u). What are the prime factors of ((-16)/y)/(-3 + 2)?
2
Let s = -5 + 6. List the prime factors of (-1 + 0)/(s/(-24)).
2, 3
Let n(z) = -z**3 + 3*z + 1. Let x be n(-2). Let o(t) = 3*t**2 - t**x - 2 + 4*t + 3 - 5*t. List the prime factors of o(2).
3
Let t be 216/15*(11 - 1). Suppose -4*s + 2*u = 5*u - t, s - u = 36. What are the prime factors of s?
2, 3
Let h = 29 + -11. Suppose 5*a - 4*a = h. What are the prime factors of a?
2, 3
Suppose -2*p + 5*k = 1, -5*k = -8 - 7. Suppose 4*z - 4 = -2*w, z = -p*w + 2*w + 1. Let x = w + 6. List the prime factors of x.
2, 3
Suppose 0*r = 4*r. Let i be (0 - (-1 + r)) + 4. Suppose y = -i*j + 17 + 44, -5*j = -5*y - 55. List the prime factors of j.
2, 3
Suppose -5*t + 7*s = 3*s - 108, 3*t + 5*s = 87. List the prime factors of t.
2, 3
Suppose 0 = -10*s + 1379 + 131. What are the prime factors of s?
151
Suppose u + 3*v = 39, 36 + 120 = 4*u - v. List the prime factors of u.
3, 13
Let n = 139 - 93. Suppose -4*x + n = -10. List the prime factors of x.
2, 7
Suppose 2*x + 2 = 0, -a + x - 3*x = -3. Let j = 2 - 1. Suppose a*f = j + 9. List the prime factors of f.
2
Let j(o) = -o**3 - 4*o**2 + 3. Let u be j(-6). Suppose -15 = 4*c - u. List the prime factors of c.
3, 5
Let o = 4 + 1. Suppose 3*d = 4*d - o. List the prime factors of d.
5
Let h be (-3 - -6)*-3 - -2. Let l = -4 - h. What are the prime factors of l + -6 + 17 - -2?
2
Suppose -a = -2*g - 75, -2*g - 2*g + 347 = 5*a. List the prime factors of a.
71
Let g = 32 + -20. List the prime factors of g.
2, 3
Let o(k) = 26*k**2 - k - 2. Let q be o(-1). What are the prime factors of 1 - (2 - q)*1?
2, 3
Let m(c) = 3*c + 18. List the prime factors of m(17).
3, 23
Let w = 184 + -80. What are the prime factors of w?
2, 13
Let s(l) = l**2 - 11*l + 13. What are the prime factors of s(16)?
3, 31
Let h(z) = z**2 + z + 3. Let i be h(0). Let g be (2 - -17 - 4)/1. Let t = g - i. What are the prime factors of t?
2, 3
Let c(l) be the first derivative of 2*l**3/3 + 7*l**2/2 + 4*l + 3. List the prime factors of c(-4).
2
Let q(a) = -a - 3. Let p be q(-5). Let c = p + 24. Suppose 0 = -5*i - c + 1, 5*i + 19 = -2*y. What are the prime factors of y?
3
Let j(y) = 6*y - 2. Let h be j(6). Suppose 0*n - n = -h. List the prime factors of n.
2, 17
Suppose -4*w + 5*r + 11 = 0, -24 = -5*w + 2*r + 11. Suppose 3 + w = 4*j. What are the prime factors of (j/((-6)/(-8)))/2?
2
Suppose -5*q - 3*z + 250 = -180, 3*q - 4*z - 287 = 0. What are the prime factors of q?
89
Let a(p) = -p + 1. Let j be (-5 - -2)*4/6. Let v be a(j). Let y = 5 - v. List the prime factors of y.
2
Let f(m) = m**3 + 10*m**2 + 7*m - 13. What are the prime factors of f(-9)?
5
Let g = 67 + 5. What are the prime factors of g?
2, 3
Suppose 4 = 5*c - 1. Let k = c + 4. Let n = 1 + k. What are the prime factors of n?
2, 3
Let h = -1 - -21. Let m = 5 - h. Let w = m - -22. What are the prime factors of w?
7
Suppose 4*u - 11 = 2*k - 1, 4*u + 11 = -5*k. What are the prime factors of (k/9)/((-1)/111)?
37
Suppose -4*b = -v + 229, 5*b = -2*v + 2*b + 480. What are the prime factors of v?
3, 79
Suppose m + 1 = 3. Let f(q) = -1 + 4*q + 2 + 3 + m*q**2. What are the prime factors of f(-3)?
2, 5
Let b(c) = -c + 33. What are the prime factors of b(0)?
3, 11
Suppose -26 + 8 = -3*p. What are the prime factors of p?
2, 3
Suppose d - s + 6*s = 8, 0 = -5*d - 2*s + 40. Let q(g) = 2 - 9*g**2 + g + 8*g + 7 + g**3 - 1. What are the prime factors of q(d)?
2
Let q(b) = 10*b**2. Let n be 1*(-2 - -1) - -46. Let r be 22/18 + (-10)/n. What are the prime factors of q(r)?
2, 5
Suppose 3*d - 16 = 5*n, 2 - 4 = 2*d + 3*n. What are the prime factors of (-1 - -8) + d/2?
2
Suppose -32 - 6 = -v - 5*f, -38 = -3*v + 4*f. What are the prime factors of v?
2, 3
Let k = 7 + -12. Let a(j) be the second derivative of -j**4/12 - 4*j**3/3 - 3*j**2/2 - 2*j. What are the prime factors of a(k)?
2, 3
Let b(x) = -5*x**3 - 5*x**2 - x + 2. List the prime factors of b(-4).
2, 3, 41
Suppose 0 = 5*v - 4*g - 1977, -2*v + 6*v - 4*g - 1580 = 0. What are the prime factors of v?
397
Let u(f) = -3*f + 6. List the prime factors of u(-10).
2, 3
Suppose -2*m - 20 - 88 = 0. Let w = 75 + m. List the prime factors of w.
3, 7
Let k(p) = -7*p + 4. Let v(g) = -1. Let r(u) = k(u) + 3*v(u). Let s be r(2). Let y = s - -25. List the prime factors of y.
2, 3
Let p(m) = -m + 7. Suppose 3*q + 3 = 4*q. Let y be p(q). Suppose 3*c = -5*o + 9 - 3, c - y*o = 2. What are the prime factors of c?
2
Let p(d) = -5*d**3 - d**2 - 3*d - 3. Let z be p(-2). Let x = z + -28. What are the prime factors of x?
11
Suppose p + 4*p - 15 = 0. Suppose 2*u - p*u = 0. Suppose -g + 5*g - 44 = u. What are the prime factors of g?
11
What are the prime factors of 4592/42 - (-2)/(-6)?
109
Let i be -6 + 5 + 2*-1. Let z be (4 - i/(-3)) + 0. Suppose -m + 6 = -2*v, -5*m + z = -2*v - 11. List the prime factors of m.
2
Suppose a - 3*a = 0, 2*a = -f + 52. List the prime factors of f.
2, 13
Let j(v) = v**3 - v**2 + v. Suppose 4*k - 3*k = 0. Let q be j(k). Suppose q = -4*y - y + 15. What are the prime factors of y?
3
Suppose -3*m - 2*m + 20 = 0. Suppose 0 = -3*n + 2*n - 5*u + 25, -m*n = -5*u - 75. Suppose -5*x - n = -10*x. List the prime factors of x.
2
Suppose -5*k = 2*w + 23, -4*k - k - 7 = -2*w. Let q = k + 4. Suppose 7 - q = 3*c. What are the prime factors of c?
2
Suppose -6*g = -4*g + 12. Let t(n) = -n**3 - 6*n**2 - 3*n - 4. List the prime factors of t(g).
2, 7
Let d(u) = 217*u + 2. Let m be d(1). List the prime factors of m/9 - 1/3.
2, 3
Let p(f) = -2*f - 1 - 9 - 2*f + 9*f. What are the prime factors of p(4)?
2, 5
Suppose x + 2*x - 68 = j, 106 = 5*x + 2*j. Suppose 0 = -3*o + b + x, -o - 3*o - b = -27. List the prime factors of o.
7
What are the prime factors of 4/(-1) - (-18 - 0)?
2, 7
Suppose -5*k + 33 = -47. List the prime factors of k.
2
Let q(s) = 2*s**3 + 4*s**2 - 2*s - 2. Suppose -7*r + 3*r - 4 = -4*j, 2*r - 12 = -5*j. Let h be q(j). Let w = -16 + h. What are the prime factors of w?
2, 5
Let n = 3 - -2. Suppose -5*y = -p - p - 24, 4*p - 12 = 0. Suppose n + y = k. What are the prime factors of k?
11
Suppose -3*x = -3*d + 732, 2*d + 4*x = x + 478. What are the prime factors of d?
2, 11
Let b(c) be the second derivative of -c**5/20 + 11*c**4/12 - 3*c**3/2 + c**2/2 + 3*c. List the prime factors of b(10).
11
Suppose 0 = 4*g - 3*y + 16 - 43, 2 = g + 4*y. List the prime factors of g.
2, 3
List the prime factors of (9/15)/(2/90).
3
Let z be ((-6)/4)/(6/(-40)). Suppose h = -h + z, 3*s - 2*h = -52. What are the prime factors of 183/21 - 4/s?
3
Let f(k) = -k**3 + 9*k**2 - 3*k + 2. List the prime factors of f(8).
2, 3, 7
Suppose 0 = 4*j + 5*b - 28, -3*b + 12 = -4*j + 2*b. Suppose -2*a = -a - j. Suppose a*g + n - 30 = 2*n, -g + 18 = -2*n. List the prime factors of g.
2, 7
Suppose 2*m - 5*m - 9 = 0. Let p be (0 - m/2)*2. List the prime factors of (-5 - -2)*(-2)/p.
2
Let z = 3 - 7. Let v = 13 - z. What are the prime factors of v?
17
Let u(k) = k**3 + 8*k**2 - 8*k + 11. Let q be u(-9). Suppose q*o - 2*c - c = 47, 4*c = -20. What are the prime factors of o?
2
Suppose -23 = 5*f - s, -2*f = 3*s - 2 + 18. Let t be 8/3*(2 + f). List the prime factors of ((-24)/t)/(6/22).
11
Let v(s) = 3*s**2 + 21*s - 1. Let p(k) = k**2 + 7*k. Let l(j) = -8*p(j) + 3*v(j). What are the prime factors of l(-9)?
3, 5
Suppose 12*b + 2492 = 19*b. List the prime factors of b.
2, 89
Let j = 20 + -7. List the prime factors of j.
13
Let w(p) = -p + 1. Let x be w(-2). Let i be (-1)/(-4) - x/(-4). Let a = i + 1. What are the prime factors of a?
2
Let k(p) be the second derivative of -p**5/20 - p**4/4 + p**3/2 + 2*p**2 - 5*p. What are the prime factors of k(-5)?
3, 13
Let o(t) = -t**3 + 12*t**2 - 15*t + 2. Suppose -d - 1 = 0, -4*d = 2*j + j - 26. Let k be o(j). Suppose k = -r + 5*r. What are the prime factors of r?
13
Let l(s) = s + 11. Let r be l(-12). Let d(j) = -12*j**3 + j. List the prime factors of d(r).
11
Let d = 18 - -5. List the